 divisor of 36 and 2574.
18
Calculate the highest common divisor of 70 and 1260.
70
Calculate the greatest common divisor of 40 and 10840.
40
Calculate the highest common factor of 4275 and 760.
95
Calculate the highest common factor of 200 and 4525.
25
Calculate the greatest common divisor of 24 and 7.
1
What is the greatest common factor of 793 and 39?
13
What is the highest common divisor of 64 and 12224?
64
Calculate the highest common divisor of 16 and 144.
16
What is the greatest common divisor of 28 and 49?
7
What is the highest common factor of 10 and 45?
5
What is the highest common divisor of 34 and 34?
34
What is the highest common factor of 4788 and 114?
114
What is the greatest common divisor of 952 and 280?
56
What is the highest common factor of 40 and 1528?
8
Calculate the highest common divisor of 29 and 1.
1
Calculate the highest common divisor of 54 and 354.
6
What is the greatest common divisor of 8672 and 32?
32
Calculate the greatest common factor of 730 and 146.
146
What is the highest common divisor of 49 and 31?
1
Calculate the highest common factor of 3973 and 29.
29
What is the highest common divisor of 12 and 258?
6
Calculate the greatest common factor of 135 and 5.
5
Calculate the greatest common factor of 168 and 8358.
42
Calculate the greatest common divisor of 2256 and 48.
48
What is the greatest common divisor of 814 and 148?
74
Calculate the greatest common factor of 40 and 70.
10
Calculate the greatest common divisor of 244 and 36844.
244
Calculate the greatest common divisor of 28 and 92.
4
Calculate the highest common factor of 559 and 91.
13
Calculate the greatest common divisor of 1729 and 819.
91
Calculate the greatest common divisor of 18 and 128.
2
Calculate the highest common divisor of 60 and 732.
12
Calculate the greatest common divisor of 242 and 66.
22
What is the greatest common divisor of 1844 and 80?
4
What is the highest common divisor of 95 and 76?
19
What is the greatest common divisor of 9 and 2?
1
What is the highest common divisor of 164 and 1394?
82
Calculate the greatest common divisor of 40 and 48920.
40
What is the greatest common factor of 16 and 564?
4
What is the highest common factor of 22 and 6809?
11
What is the greatest common factor of 29 and 377?
29
Calculate the greatest common factor of 7275 and 225.
75
Calculate the greatest common factor of 1730 and 30.
10
Calculate the greatest common factor of 234 and 306.
18
Calculate the highest common factor of 396 and 44.
44
Calculate the greatest common factor of 3528 and 112.
56
What is the greatest common divisor of 37 and 1739?
37
Calculate the greatest common factor of 38 and 76.
38
Calculate the greatest common factor of 231 and 87.
3
What is the highest common factor of 364 and 14?
14
Calculate the greatest common divisor of 6165 and 45.
45
Calculate the greatest common divisor of 14976 and 104.
104
Calculate the highest common factor of 116 and 2378.
58
Calculate the highest common factor of 114 and 9082.
38
Calculate the greatest common factor of 153 and 35037.
153
Calculate the greatest common divisor of 7347 and 474.
237
Calculate the greatest common divisor of 117 and 45.
9
What is the highest common factor of 1989 and 1768?
221
Calculate the greatest common divisor of 111 and 2109.
111
Calculate the highest common factor of 418 and 76.
38
What is the greatest common divisor of 11 and 407?
11
Calculate the highest common divisor of 21 and 20622.
21
What is the highest common factor of 264 and 120?
24
Calculate the greatest common factor of 105 and 245.
35
What is the highest common divisor of 132 and 396?
132
What is the greatest common factor of 50 and 9725?
25
Calculate the highest common factor of 154 and 126.
14
What is the highest common divisor of 1730 and 250?
10
Calculate the greatest common divisor of 12 and 8802.
6
Calculate the highest common factor of 138 and 42.
6
What is the greatest common divisor of 96 and 4656?
48
Calculate the greatest common factor of 36 and 2196.
36
What is the greatest common factor of 70 and 28630?
70
Calculate the highest common divisor of 27549 and 9.
9
Calculate the greatest common factor of 380 and 19.
19
What is the greatest common divisor of 212 and 5724?
212
What is the greatest common divisor of 171 and 45?
9
What is the highest common divisor of 4176 and 108?
36
Calculate the highest common factor of 68 and 55964.
68
Calculate the greatest common divisor of 2552 and 406.
58
Calculate the greatest common divisor of 76 and 6194.
38
What is the highest common divisor of 2794 and 176?
22
Calculate the greatest common factor of 3 and 4461.
3
What is the greatest common factor of 20 and 12?
4
Calculate the greatest common factor of 121 and 33.
11
Calculate the highest common divisor of 250 and 325.
25
What is the greatest common divisor of 39 and 4992?
39
What is the highest common factor of 15507 and 81?
9
What is the highest common factor of 1300 and 39?
13
What is the highest common factor of 636 and 192?
12
Calculate the highest common factor of 522 and 180.
18
What is the greatest common divisor of 729 and 81?
81
What is the highest common factor of 67689 and 69?
69
Calculate the greatest common divisor of 5595 and 30.
15
What is the highest common divisor of 11 and 1177?
11
Calculate the greatest common divisor of 297 and 4059.
99
Calculate the highest common factor of 37900 and 100.
100
Calculate the highest common factor of 34 and 2482.
34
Calculate the greatest common divisor of 276 and 636.
12
Calculate the highest common factor of 410 and 20.
10
What is the greatest common factor of 265 and 60?
5
Calculate the greatest common divisor of 28 and 658.
14
What is the greatest common factor of 324 and 144?
36
Calculate the greatest common divisor of 3424 and 64.
32
Calculate the greatest common divisor of 277 and 35456.
277
Calculate the greatest common divisor of 625 and 2375.
125
What is the highest common factor of 729 and 9?
9
Calculate the highest common divisor of 5 and 5165.
5
What is the greatest common divisor of 70 and 2065?
35
Calculate the highest common divisor of 85 and 20.
5
What is the greatest common divisor of 12 and 18?
6
What is the greatest common factor of 48 and 688?
16
What is the highest common divisor of 46 and 736?
46
What is the highest common divisor of 98 and 224?
14
What is the highest common divisor of 54 and 189?
27
Calculate the greatest common factor of 5476 and 296.
148
What is the highest common factor of 1207 and 68?
17
Calculate the highest common factor of 455 and 130.
65
Calculate the greatest common divisor of 61416 and 18.
18
Calculate the greatest common factor of 19945 and 5.
5
What is the highest common factor of 8 and 312?
8
What is the highest common factor of 5452 and 1276?
116
Calculate the greatest common factor of 651 and 1023.
93
What is the highest common divisor of 160 and 60?
20
Calculate the greatest common factor of 47920 and 16.
16
Calculate the greatest common factor of 75 and 3.
3
What is the greatest common factor of 11648 and 56?
56
What is the greatest common divisor of 1596 and 1092?
84
Calculate the highest common divisor of 1260 and 35.
35
What is the highest common factor of 48 and 1176?
24
Calculate the greatest common divisor of 1920 and 60.
60
What is the greatest common divisor of 2052 and 57?
57
Calculate the highest common divisor of 20215 and 65.
65
What is the highest common divisor of 30 and 330?
30
Calculate the highest common factor of 392 and 8.
8
What is the greatest common divisor of 4 and 3268?
4
What is the greatest common divisor of 8 and 1312?
8
Calculate the highest common factor of 972 and 36.
36
Calculate the greatest common divisor of 646 and 136.
34
Calculate the greatest common factor of 759 and 69.
69
Calculate the greatest common divisor of 55 and 33.
11
What is the greatest common factor of 289 and 68?
17
Calculate the highest common divisor of 15 and 7455.
15
What is the highest common factor of 10 and 270?
10
Calculate the highest common factor of 42 and 3486.
42
Calculate the greatest common factor of 287 and 82.
41
What is the highest common factor of 132 and 2013?
33
Calculate the greatest common factor of 14 and 910.
14
Calculate the greatest common factor of 903 and 21